t of 175177?
1
What is the thousands digit of 878758?
8
What is the tens digit of 24260448?
4
What is the hundred thousands digit of 361650?
3
What is the units digit of 383913?
3
What is the units digit of 670592?
2
What is the hundreds digit of 6396841?
8
What is the hundred thousands digit of 123369?
1
What is the thousands digit of 552962?
2
What is the hundred thousands digit of 323782?
3
What is the hundreds digit of 77495?
4
What is the hundreds digit of 7031229?
2
What is the tens digit of 8267?
6
What is the hundreds digit of 216759?
7
What is the ten thousands digit of 166838?
6
What is the hundreds digit of 11406609?
6
What is the units digit of 1321187?
7
What is the ten thousands digit of 86237?
8
What is the units digit of 1224287?
7
What is the ten thousands digit of 4416527?
1
What is the units digit of 3623473?
3
What is the units digit of 448692?
2
What is the thousands digit of 2003731?
3
What is the ten thousands digit of 12295400?
9
What is the ten thousands digit of 1196341?
9
What is the ten thousands digit of 134541?
3
What is the hundreds digit of 222468?
4
What is the hundred thousands digit of 1936350?
9
What is the ten thousands digit of 14890056?
9
What is the thousands digit of 552957?
2
What is the millions digit of 1019837?
1
What is the tens digit of 7561?
6
What is the units digit of 20434?
4
What is the millions digit of 14981788?
4
What is the thousands digit of 233812?
3
What is the units digit of 975933?
3
What is the tens digit of 6246520?
2
What is the units digit of 572030?
0
What is the tens digit of 703525?
2
What is the ten thousands digit of 418129?
1
What is the units digit of 94433?
3
What is the thousands digit of 11883933?
3
What is the tens digit of 848603?
0
What is the thousands digit of 267735?
7
What is the hundreds digit of 28544581?
5
What is the units digit of 222339?
9
What is the hundreds digit of 31060537?
5
What is the thousands digit of 732261?
2
What is the ten thousands digit of 3582897?
8
What is the millions digit of 24385492?
4
What is the hundreds digit of 631611?
6
What is the thousands digit of 3356720?
6
What is the hundreds digit of 3110752?
7
What is the thousands digit of 255289?
5
What is the tens digit of 2654757?
5
What is the ten thousands digit of 3291617?
9
What is the millions digit of 14607840?
4
What is the hundreds digit of 374298?
2
What is the tens digit of 7137?
3
What is the units digit of 20666073?
3
What is the millions digit of 4035802?
4
What is the hundred thousands digit of 2692437?
6
What is the thousands digit of 2602481?
2
What is the thousands digit of 8184263?
4
What is the units digit of 276150?
0
What is the hundred thousands digit of 2143580?
1
What is the thousands digit of 4772717?
2
What is the hundred thousands digit of 426316?
4
What is the hundreds digit of 110771?
7
What is the thousands digit of 375928?
5
What is the ten thousands digit of 4907756?
0
What is the hundred thousands digit of 669704?
6
What is the hundred thousands digit of 499810?
4
What is the hundred thousands digit of 394389?
3
What is the units digit of 1359202?
2
What is the thousands digit of 399326?
9
What is the hundred thousands digit of 6539734?
5
What is the thousands digit of 773144?
3
What is the tens digit of 809504?
0
What is the ten thousands digit of 16255329?
5
What is the thousands digit of 576599?
6
What is the hundreds digit of 302548?
5
What is the tens digit of 159001?
0
What is the tens digit of 9925039?
3
What is the thousands digit of 20457?
0
What is the thousands digit of 9734990?
4
What is the ten thousands digit of 191350?
9
What is the hundred thousands digit of 4966650?
9
What is the tens digit of 1309404?
0
What is the units digit of 1991246?
6
What is the tens digit of 283624?
2
What is the units digit of 290269?
9
What is the millions digit of 1336866?
1
What is the units digit of 1408659?
9
What is the tens digit of 6493627?
2
What is the ten thousands digit of 10950847?
5
What is the units digit of 2783623?
3
What is the units digit of 84300?
0
What is the tens digit of 612358?
5
What is the hundreds digit of 187395?
3
What is the hundreds digit of 2743868?
8
What is the millions digit of 1927299?
1
What is the ten thousands digit of 24053?
2
What is the units digit of 90198?
8
What is the hundred thousands digit of 135067?
1
What is the hundreds digit of 277230?
2
What is the units digit of 41376?
6
What is the hundreds digit of 6218?
2
What is the ten thousands digit of 549154?
4
What is the ten thousands digit of 1800606?
0
What is the tens digit of 291940?
4
What is the ten thousands digit of 9770354?
7
What is the millions digit of 3183341?
3
What is the ten thousands digit of 34051001?
5
What is the hundreds digit of 1331086?
0
What is the units digit of 196488?
8
What is the thousands digit of 1041970?
1
What is the hundreds digit of 17884?
8
What is the units digit of 31564756?
6
What is the tens digit of 511972?
7
What is the ten thousands digit of 2007400?
0
What is the tens digit of 544243?
4
What is the ten millions digit of 18150758?
1
What is the tens digit of 4434439?
3
What is the hundreds digit of 243329?
3
What is the tens digit of 456511?
1
What is the hundreds digit of 1210223?
2
What is the hundreds digit of 1919445?
4
What is the units digit of 7367446?
6
What is the ten thousands digit of 85663?
8
What is the hundred thousands digit of 2920293?
9
What is the ten thousands digit of 357768?
5
What is the ten thousands digit of 1966128?
6
What is the hundreds digit of 538272?
2
What is the thousands digit of 417096?
7
What is the hundred thousands digit of 6618021?
6
What is the ten thousands digit of 139482?
3
What is the thousands digit of 415040?
5
What is the units digit of 841026?
6
What is the units digit of 384632?
2
What is the millions digit of 17540925?
7
What is the hundred thousands digit of 1714379?
7
What is the millions digit of 2978477?
2
What is the tens digit of 813217?
1
What is the units digit of 450956?
6
What is the thousands digit of 2846697?
6
What is the tens digit of 27823977?
7
What is the hundreds digit of 3429571?
5
What is the thousands digit of 80551?
0
What is the units digit of 3496092?
2
What is the ten millions digit of 21223011?
2
What is the millions digit of 2514763?
2
What is the units digit of 230781?
1
What is the hundreds digit of 901786?
7
What is the thousands digit of 1966239?
6
What is the hundred thousands digit of 3018912?
0
What is the units digit of 638084?
4
What is the hundred thousands digit of 248246?
2
What is the thousands digit of 1360506?
0
What is the tens digit of 22399?
9
What is the millions digit of 5858466?
5
What is the tens digit of 429003?
0
What is the millions digit of 13081082?
3
What is the millions digit of 12571318?
2
What is the hundreds digit of 955715?
7
What is the hundred thousands digit of 101072?
1
What is the tens digit of 481482?
8
What is the hundred thousands digit of 35736644?
7
What is the thousands digit of 35041?
5
What is the hundreds digit of 7455119?
1
What is the tens digit of 4311205?
0
What is the ten thousands digit of 434179?
3
What is the millions digit of 1259208?
1
What is the units digit of 24978?
8
What is the hundreds digit of 511088?
0
What is the units digit of 319022?
2
What is the millions digit of 2292107?
2
What is the ten thousands digit of 309054?
0
What is the hundred thousands digit of 1499028?
4
What is the ten thousands digit of 230017?
3
What is the tens digit of 776910?
1
What is the tens digit of 416247?
4
What is the thousands digit of 23396?
3
What is the ten thousands digit of 51132?
5
What is the tens digit of 13068744?
4
What is the ten thousands digit of 105504?
0
What is the thousands digit of 636112?
6
What is the hundreds digit of 169402?
4
What is the units digit of 2771333?
3
What is the units digit of 1419156?
6
What is the hundred thousands digit of 571889?
5
What is the ten thousands digit of 557036?
5
What is the units digit of 452068?
8
What is the units digit of 3319064?
4
What is the thousands digit of 523385?
3
What is the units digit of 1645076?
6
What is the millions digit of 5292423?
5
What is the ten thousands digit of 7776477?
7
What is the units digit of 8632966?
6
What i